
1
Let i be 1/(-4) - (4 + (-593)/4). What is the greatest common factor of 16 and i?
16
Let j = 29 - -199. What is the highest common factor of 12 and j?
12
Let m(o) = -74*o - 2. Let j be m(2). Let i = -102 - j. Calculate the greatest common factor of i and 6.
6
Suppose 4*v - 6 = 50. Let k = -5 - -12. Calculate the highest common divisor of k and v.
7
Suppose 17*u - 17 = 51. What is the highest common factor of 4 and u?
4
Suppose 8*s - 5 = 3. Let n be (4/3)/((-2)/(-36)). Let g = n + s. Calculate the greatest common divisor of 5 and g.
5
Let o(p) = 9*p**3 - p**2 + 3*p + 3. Let t be o(3). Let i = t + -174. What is the highest common divisor of i and 18?
18
Let f be -3 - 0 - 0 - -9. Calculate the greatest common divisor of 6 and f.
6
Let o be 151/2 - (-24)/(-48). What is the highest common factor of 15 and o?
15
Let a(u) = 76*u**3 + 2*u**2 - 2*u + 1. Let v be a(1). What is the highest common factor of v and 7?
7
Suppose -4*y = 5*s + 5, -2*y - s = -2*s - 15. Suppose -l + 6*l - 4*k = 23, -y = l - 4*k. Calculate the highest common factor of 14 and l.
7
Suppose -2*k = -3 - 25. Suppose -5*o - 4 = -k. Suppose -o*c = -5*c + 15. Calculate the highest common divisor of 2 and c.
1
Suppose 140*s + 132 = 143*s. Calculate the highest common factor of 22 and s.
22
Suppose 180 = 3*p + p. Suppose -4*s = -0*s + 4. Let q be s/(-1) - (-8)/1. What is the highest common factor of p and q?
9
Let z(f) = f**2 + 2*f - 1. Let u be z(-7). Let w be (u/(-8))/(5/(-20)). What is the highest common factor of 119 and w?
17
Let o = -2 + 5. Suppose 2*u - g - 4 = -0*u, 0 = -5*u - o*g + 21. Suppose 15 = 4*w + u. What is the greatest common factor of 24 and w?
3
Let b be (-10)/45 - (-788)/(-18). Let k be (-6)/15 + b/(-10). What is the highest common divisor of k and 44?
4
Let x = -7 + 12. Let h = x + 0. Suppose 34 = 3*w - 4*f + 1, -5*w = -5*f - 60. Calculate the highest common divisor of h and w.
5
Suppose 0 = b - 2*g - 9, b - 5*b = -2*g - 54. What is the highest common divisor of 9 and b?
3
Let d = -2 + 4. Suppose d*g + 8 = -0*g. Let m be -4*(-15)/g*-1. What is the greatest common factor of m and 30?
15
Let t = -221 + 329. Calculate the highest common factor of t and 72.
36
Suppose 2*f - f - 16 = 0. Calculate the greatest common factor of f and 4.
4
Let r(b) = b**2 - 7*b - 8. Let k be r(9). What is the greatest common divisor of 5 and k?
5
Let i = 88 + -40. Let s = 78 - i. Suppose 4*f - 3*j - 43 = 0, 2*f + 5*j = 7*f - 55. What is the greatest common factor of f and s?
10
Let x(u) be the second derivative of 5*u**3/6 - u**2 - 4*u. Let f be x(4). Let d be ((-6)/2)/(3/(-18)). Calculate the greatest common factor of f and d.
18
Suppose 4*u - 17 = -l, l - 5 = -5*u + 12. Let y(p) = -137*p - 1. Let b be y(-1). What is the greatest common factor of l and b?
17
Suppose b - 5*r + 1 = -4*r, 4*b - 3*r = 0. What is the greatest common divisor of 24 and b?
3
Let p = -32 - -34. Calculate the greatest common divisor of 1 and p.
1
Suppose 2*m + 4*o - 64 = 0, 6*m - 155 = m - 5*o. What is the highest common divisor of m and 240?
30
Suppose -4*g - 16 = 0, -3*a + 0*g - 28 = 4*g. Suppose 3*j = -0*j + 69. Let n be j + (-3)/(-1) + a. Calculate the highest common divisor of n and 2.
2
Let t = -15 + 41. What is the greatest common factor of t and 2?
2
Let o = -6 - -16. What is the greatest common factor of o and 50?
10
Let p = 5 - 3. Let q(i) = i**3 + 7*i**2 - 8*i - 1. Let u be q(-7). Suppose g + u = p*g. Calculate the greatest common divisor of 11 and g.
11
Let q(v) = -3 - 3*v + 2 - 4. Let h be q(-2). What is the greatest common factor of h and 5?
1
Let k be 2/1*(6 - -5 - 7). What is the greatest common factor of 36 and k?
4
Let z(a) = -a**3 - 6*a**2 + 13*a + 12. Suppose 3*r + 50 = 4*l - 9, -5*r = 5. Let p = l - 22. Let o be z(p). What is the highest common factor of 9 and o?
9
Let m be (-6 - -5)*(1 - 14). Calculate the greatest common factor of m and 39.
13
Let a = 42 + -25. Let o be 2*3/(-6)*11. Let u = 40 - o. What is the greatest common factor of u and a?
17
Let l be (12/(-16))/(-3)*4. What is the greatest common divisor of 2 and l?
1
Suppose -2*w + 2*t = -3*t - 19, 3*w + 24 = -3*t. Let q(o) = -6*o - 4. Let j be q(w). What is the highest common divisor of 7 and j?
7
Let q = 44 + -39. What is the highest common factor of q and 45?
5
Let u be (14 + -1)/(13 - 12). What is the highest common factor of 143 and u?
13
Suppose 3*r - 189 = -0*r. What is the greatest common factor of 7 and r?
7
Let r(q) = -11*q**3 - q**2 - 2*q - 3. Let h be r(-2). Suppose 0*w - h = -5*w. Calculate the highest common factor of w and 34.
17
Let p be 5/7 + 4/14. Let z = -2 - -7. Suppose z*g + 3*x = 2*x, 0 = 4*x + 20. Calculate the greatest common divisor of p and g.
1
Let m(o) = 5*o**2 - 5*o + 4. Let h(k) = -2*k - 5. Let a be h(-5). Let x be m(a). What is the greatest common factor of x and 13?
13
Let c = 29 - 18. Let f = 22 - c. Let t(q) = 24*q + 3. Let y be t(4). Calculate the greatest common divisor of f and y.
11
Suppose -48 = -4*x + y, 0 = 4*x - 0*x - 5*y - 48. Calculate the highest common factor of 36 and x.
12
Let x(o) = -o**2 + 7*o + 5. Let w be x(6). Let q(b) = -b**2 - 2*b + 99. Let k be q(0). What is the greatest common factor of w and k?
11
Let y be (6/(-7))/((-4)/(-28)). Let b = y - -16. What is the greatest common factor of 5 and b?
5
Suppose -y = y - 138. Calculate the highest common divisor of 46 and y.
23
Let t = -81 - -47. Let y = 79 + t. Suppose 34 = -3*z + 5*z - a, -3*z = 2*a - 58. Calculate the greatest common factor of y and z.
9
Let w be 7/5 - (-3)/5. Suppose -w*y + 126 = y. What is the greatest common divisor of 6 and y?
6
Suppose 74*s = 76*s - 176. What is the highest common divisor of s and 44?
44
Let g = -305 + 457. Calculate the greatest common divisor of g and 8.
8
Let c(i) = -7*i - 8*i - 1 - 2. Let u be c(-5). What is the greatest common factor of u and 8?
8
Let o be ((-1)/2)/(9/792). Let k = 2 + o. Let x be (18/(-21))/(3/k). Calculate the highest common factor of 96 and x.
12
Let j = 19 - 3. What is the highest common factor of j and 144?
16
Suppose -38*f - 50 = -43*f. Let w(t) = t**2 + t - 2. Let l be w(-4). Calculate the highest common factor of l and f.
10
Let p(r) = -r**3 + 7*r**2 - 4*r - 8. Let i be p(6). Let v(m) = -m**3 - m**2 + 10. Let g be v(0). What is the highest common divisor of g and i?
2
Suppose -3*h + 81 = -3. Suppose 3*y - 48 = -2*z - y, z = 4*y + 48. Suppose h = w - z. Calculate the highest common divisor of w and 24.
12
Suppose -4*a + 44 = 16. Suppose 2*i = -2*l + 24, 13 = 4*i - 4*l + l. What is the greatest common divisor of i and a?
7
Let b = 13 - -19. What is the highest common factor of b and 48?
16
Suppose 168 = 2*k + 22. Let c = -13 + k. Calculate the greatest common factor of c and 20.
20
Let c = 23 + -2. Let b(q) = -q**2 + 4*q + 12. Let p be b(5). Calculate the greatest common factor of p and c.
7
Let z(a) = -a**3 + 288. Let b be z(0). What is the greatest common factor of 36 and b?
36
Let o be 0 + 13 + -19 + 14. Calculate the greatest common divisor of 72 and o.
8
Let g(r) = r**3 - 6*r**2 + 5*r - 3. Let h be g(5). Let z = 6 + h. Suppose -z*x = -2*x - 8. Calculate the highest common factor of x and 32.
8
Suppose s + 0*n - 54 = 3*n, s - 30 = -5*n. Let k = 38 + -20. Calculate the greatest common divisor of s and k.
9
Suppose -2*z = -4*i - i + 20, -z = -5*i + 25. Calculate the highest common divisor of i and 6.
6
Let v = -5 - -17. Let m be (30/(-35))/(1/(-70)). What is the highest common divisor of m and v?
12
Let u(w) = -w**3 + 5*w**2 + w - 1. Let j be u(5). Suppose 40 = 5*y + 5*d, 3*y - 28 = y + j*d. What is the highest common factor of 70 and y?
10
Let g = 576 + -352. Calculate the highest common divisor of 32 and g.
32
Suppose 5*p - 110 = -5*m, 4*m - 64 = 4*p - 7*p. Let j(b) = 4*b. Let c be j(2). What is the greatest common factor of c and p?
8
Suppose -13 = -z - 9. Calculate the greatest common factor of 12 and z.
4
Let z(p) = -p**3 - 4*p**2 + 3*p + 2. Let h be z(-5). Let t(y) = y**3 - 5*y**2 - 3*y + 6. Let b be t(6). Calculate the greatest common divisor of b and h.
12
Suppose 5*w = a + a + 29, -5*a - 25 = -3*w. Suppose w*m - 110 = 4*d, -3*m + d + 82 = 16. What is the highest common factor of 11 and m?
11
Let r be 0 + (-39)/(-6)*-8. Let v = r + 94. What is the greatest